z + 5974 = 514*z. Is z composite?
True
Let w be 32/(-3) - (-1)/(-3)*1. Let h(v) = 8*v**2 + 24*v + 5. Is h(w) a prime number?
True
Let d be 1206/(-8)*2*(-54)/9. Let n = 3232 - d. Is n composite?
False
Let j(h) = 3*h - 4. Let s be j(12). Suppose 0 = -5*u + s - 7. Suppose 0 = u*c - 5*z - 5950, 3307 = 3*c + 2*z - 278. Is c composite?
False
Let n = -99 - -248. Suppose 0 = 3*t + 1 + 2, -2*h - 3*t = n. Let x = h + 222. Is x a prime number?
True
Let l(f) = f**3 + 2*f**2 - 3*f + 3. Let y be l(-3). Suppose y*x - 121 = 1211. Suppose 5*s - x = -2*z + z, 25 = 5*s. Is z a prime number?
True
Suppose 386 = 3*g + b, 75 = 4*g - 5*b - 408. Suppose 5*s = 4*s + g. Is s prime?
True
Suppose -5*q + 8 - 3 = 5*b, -q = -4*b + 9. Suppose 5*n + 5*m - 4974 = 1331, -5*n = -b*m - 6291. Is n prime?
True
Suppose 3*i - 8 = 22. Suppose -v + 49 = -2*m - 18, 3*v - 205 = 2*m. Let n = i + v. Is n composite?
False
Let k be (-2)/5 + (-2714)/115. Let f = k + 183. Is f a composite number?
True
Let t be (-1 - 0)*((-1 - 0) + -2). Suppose t*h - 2413 = 2378. Is h a prime number?
True
Let h(b) = 0*b**3 + b - b**3 + 1 + 7 - b**2 + 2*b**2. Suppose 33 = 3*y + 51. Is h(y) composite?
True
Let a(c) = -c**3 + 6*c**2 + 5*c + 10. Let b be a(7). Let r be 10556/13 - (b - -1). Let h = -234 + r. Is h a composite number?
True
Suppose -2*k + 12 = -0. Suppose k*d - 8*d + 170 = 0. Is d composite?
True
Let m(o) = 2*o**2 + 16*o + 3. Suppose -a = 3*d - 46, -a + 4*d = -2*a + 43. Suppose -3*t + 8*t = -a. Is m(t) prime?
False
Is (-106824)/(-12)*(3 - 2) a prime number?
False
Is 86306 - (-13)/(13/(-3))*1 a prime number?
False
Let x(u) = 4 + u - 2*u + 3 - 2. Let a be x(3). Suppose -169 + 31 = -a*l. Is l prime?
False
Let u = -10 - -10. Let h = 2 + u. Suppose 297 = 3*v - 4*c, h*c - 209 = -2*v + c. Is v prime?
True
Suppose -157 - 1610 = -3*v. Let s = -398 + v. Is s composite?
False
Suppose 272 - 803 = -9*s. Is s composite?
False
Let j(h) = -69*h**3 - 4*h**2 - 10*h - 10. Is j(-3) composite?
False
Let j = 12978 - 5255. Let x = -5124 + j. Is x a prime number?
False
Suppose -39914 = -7*m + 18543. Is m a prime number?
False
Let o(a) = 3660*a + 47. Is o(3) a prime number?
True
Suppose 2374 - 8414 = -5*u. Suppose 4*q - 4*l - 1188 = 0, 3*l - 4*l = 4*q - u. Is q a composite number?
True
Let s be 9 - (2 - 6)/(-4). Suppose 8*i = 4*i + s. Suppose 0*f = -i*f + 822. Is f a prime number?
False
Let x(n) = -4*n - 5. Let c(s) = s**2 + 7*s + 3. Let a be c(-6). Let k be -1 - 15 - (-4 - a). Is x(k) a composite number?
True
Let o = -97 - -140. Suppose 3*n + d - 90 - 44 = 0, o = n + 2*d. Let g = 6 + n. Is g a prime number?
False
Let l be ((-72)/(-5))/((-27)/(-180)). Suppose -d + 5*d + l = 0. Is (-309)/(-4) + 6/d a prime number?
False
Suppose 5*b - 72664 = 4*y + 37955, 0 = -5*b + 3*y + 110618. Is b composite?
False
Let b = -5655 - -9136. Suppose -7*c + 10180 = b. Suppose -6*g + c = -3*g. Is g a prime number?
False
Suppose 0 = -5*i + 8*i + 4*t - 5135, -2*t + 8549 = 5*i. Is i prime?
True
Let v(o) = -o**2 + 3*o + 7. Let t be v(6). Let g(s) = s**2 + 11*s + 8. Let z be g(t). Is 4/z - 605/(-2) a composite number?
True
Let z(p) = 4*p**3 + 4*p + 4. Let y be z(4). Suppose -y = 5*a - 21. Let f = 210 + a. Is f a prime number?
False
Let g be ((-8)/24)/((-1)/3). Let u = 6 - g. Suppose l - 4540 = -3*l - u*r, r = 0. Is l a prime number?
False
Suppose -g + 4*g = -4*k + 18441, 0 = -3*k + 9. Is g a composite number?
False
Let p(m) = -m**3 + m**2 - 6*m - 8. Suppose -7 = -3*g + 11. Let u be p(g). Let c = u + 318. Is c composite?
True
Let p = 10925 - 5371. Is p prime?
False
Let r(n) = -n**3 - 8. Let w be r(0). Let v(d) be the first derivative of -d**2/2 + 7*d - 3. Is v(w) a composite number?
True
Let d(w) = 3*w**3 - 11*w**2 + 3*w + 12. Suppose -3*s - j + 31 = 2*s, 0 = -2*s + 3*j + 26. Let h be d(s). Suppose 0 = a - 160 - h. Is a a prime number?
True
Is (112494/4)/(((-195)/30)/(-13)) composite?
True
Let a(t) = 10*t**2 + 9*t + 12. Let x be a(-2). Is 51/x - 2878/(-4) composite?
True
Let f be (-212)/(-10) - 9/45. Suppose -3 = -6*s + f. Suppose -4*k = 8, -2*x + 0*k = s*k - 36. Is x composite?
True
Is (23 + 2838)/(1 + 0 + 0) a composite number?
False
Let c(l) = l - 2 - 6*l**2 + 0 - 8*l**2 + 4*l**2. Let d be c(2). Let q = d + 137. Is q a composite number?
False
Let c(r) = 303*r**2 - 8. Is c(3) prime?
True
Let v = -45123 - -82378. Is v a prime number?
False
Is (270858/(-36))/(-7)*66 composite?
True
Suppose 3 + 1 = v - 3*j, -2*j = 5*v - 20. Let s = v - 8. Is s/(-22) - (-8520)/88 prime?
True
Suppose 0 = z + 4, -4*s = 2*z + 35 - 7. Let d = s + 16. Suppose -6*p = -d*p + 785. Is p prime?
True
Suppose -2*n + 9 = 2*u + 35, -5*n - 3*u = 59. Is 5194/4 - n/20 a prime number?
False
Let j = 23 - 21. Suppose 0 = f - j. Suppose 5*b + 1850 = 5*h, 1856 = 5*h - b - f*b. Is h prime?
True
Suppose 0 = -i + 20 + 2. Let p = i + -19. Is 1 - p - 59*-5 composite?
False
Suppose 0 = -5*i + 4*b + 137763 + 93324, -46227 = -i - 4*b. Is i prime?
True
Suppose -3*l + 2074 = k, l - 3 = 2. Is k composite?
True
Let d(b) = -1. Let u(l) = -89*l - 15. Let j(k) = -6*d(k) + u(k). Let i(w) = 28*w - 344. Let z be i(12). Is j(z) prime?
False
Let x = -13 - -12. Let t(v) = -1882*v. Let j be t(x). Suppose 2*c - z = 1133, 3*z - j = -5*c + 934. Is c a composite number?
True
Let k(d) = -7*d + 2*d + d - 19 - d. Is k(-8) prime?
False
Suppose -3*w - 6970 = -5*s, -3*s + 5*w = w - 4193. Is s prime?
False
Suppose -2*a + 5 = -a - 2*u, 3*a + 4*u = 45. Let t = -61 - -70. Suppose 0 = -t*g + a*g - 446. Is g a composite number?
False
Let y = -495 + 2534. Is y a composite number?
False
Suppose -105*c + 20095 = 2*q - 102*c, 50227 = 5*q - 3*c. Is q composite?
True
Let c(v) = 1326*v**3 + v**2 - 9*v + 7. Is c(3) composite?
True
Let u = -6 - -9. Let f be -5 - (2 + -6 + u). Is -838*-1*(-2)/f a prime number?
True
Let c be 8 - 1 - 6 - (1 + -5). Suppose 317 = h + 3*v - 1542, -20 = -c*v. Is h composite?
False
Let a(b) = -b + 17. Let q be a(0). Suppose -293 = -q*c + 16*c. Is c composite?
False
Suppose 3*g - 6959 = -4*b, 0*b = -2*g - 4*b + 4638. Is g prime?
False
Suppose 4*b = -2*u + 10310, 5*b - 3543 - 17065 = -4*u. Is u*5/(-30)*-6 prime?
True
Suppose -6*h = -2*h - 4. Let u be h*23*(0 + 1). Let g = 30 - u. Is g a composite number?
False
Suppose 0 = -180*w + 173*w + 21553. Is w prime?
True
Suppose 5*g - 3 = -3. Suppose 2*y = -4*x + 262, g = -3*x - y - 2*y + 192. Is x a composite number?
False
Suppose -20 = b + 5*x, -2*b - 6*x + 2*x = 16. Let a = -3 - -5. Suppose -a*r + 98 = -b*r. Is r a prime number?
False
Let p(w) = 9 - 7 + 14*w**2 + w**3 + w**2 - 2*w. Let i be p(-15). Suppose 127 - i = 5*g. Is g prime?
True
Suppose -3*n - 28090 = 4*c, -2*n - 2*c - 9360 = -n. Let g be n/(-15) - 4/6. Suppose -u = 5*p - 292, u - g = -u - 2*p. Is u composite?
False
Suppose -12 = -3*n + 210. Let p = n - -345. Is p a prime number?
True
Suppose 2*z + 0*v = 4*v + 12, -v = -3*z - 7. Let f be 56/21 - z/(-6). Suppose -c - 3*o = -4*o - 571, 569 = c - f*o. Is c composite?
True
Suppose -2*l - 11446 = 5*v - 64103, 42121 = 4*v - 3*l. Suppose -4*c - 1815 = -v. Is c a prime number?
True
Let b(i) = -i**3 + 14*i**2 - 14*i + 18. Let r be b(13). Is 520 - 1*(r - 2)/(-3) a composite number?
False
Let r = 1714 - -2565. Is r a composite number?
True
Suppose 0 + 12 = 2*f. Suppose -4*p = 4*w, f*w - 4*p - 9 = w. Suppose w + 3 = -2*g, -5*t + 5*g = -1485. Is t prime?
False
Let t = 1 - -1. Suppose -t*s + 8 = 2*s. Suppose -d = -s*d - 5, 3*d = -3*j + 348. Is j composite?
True
Let n(b) = 135*b + 178. Is n(15) a prime number?
True
Let a = 47971 + -33162. Is a a composite number?
True
Suppose 0 = 4*l + 3*w - 54073, 2*w = -5*l + 3*w + 67596. Is l a prime number?
False
Let g = 14 + -12. Suppose -587 = -g*h + h. Is h a prime number?
True
Let n(t) = 53*t**2 + t - 2. Let h be n(2). Let x = h + 329. Is x prime?
True
Let g = 4036 + -1149. Is g a prime number?
True
Suppose 0*g = -4*n + g + 68348, 2*g + 68352 = 4*n. Is n a composite number?
True
Suppose -5*l + 4*h = -3034, 12 = -3*h + 6*h. Suppose 2*j = -0*j + l. Suppose -3*q + j = 3*f - 7*q, 2*q = 5*f - 513. Is f prime?
True
Suppose 0*c - 8 = 4*c, 0 = -4*x - 4*c. Is (-2194)/(-14) + x/7 prime?
True
Let w = -1 + 4. Suppose 4*a = 0, -w*z + 3*a = -117 - 471. Let y = z - 129. Is y a composite number?
False
Suppose -13*l - 1852 = -9*l. Let f = 1100 - l. I